{"id":1122,"date":"2019-05-10T11:28:59","date_gmt":"2019-05-10T11:28:59","guid":{"rendered":"http:\/\/localhost\/themeforest\/themes\/marina\/demo\/?page_id=1122"},"modified":"2025-08-02T18:49:34","modified_gmt":"2025-08-02T18:49:34","slug":"about-us","status":"publish","type":"page","link":"https:\/\/marmarine.com\/wordpress\/index.php\/about-us\/","title":{"rendered":"About Us"},"content":{"rendered":"<p>[vc_row full_width=&#8221;stretch_row&#8221; parallax=&#8221;content-moving&#8221; parallax_image=&#8221;2262&#8243; css=&#8221;.vc_custom_1622683947754{margin-top: 0px !important;padding-top: 120px !important;padding-bottom: 220px !important;}&#8221; el_class=&#8221;nd_options_vc_parallax_filter_2_5&#8243;][vc_column width=&#8221;1\/6&#8243;][\/vc_column][vc_column width=&#8221;2\/3&#8243; el_class=&#8221;nd_options_text_align_center&#8221;] <h1 style=\"color:#ffffff; padding:px; text-align:center; font-size:50px; line-height:px; letter-spacing: 2px; font-weight:lighter;\" class=\"  nd_options_font_size_40_important_all_iphone nd_options_first_font \">About Mar Marine<\/h1> <div style=\"background-color:; height: 30px;\" class=\"nicdark_section  \"><\/div> <p style=\"color:#ffffff; padding:px; text-align:center; font-size:px; line-height:px; letter-spacing: px; font-weight:lighter;\" class=\"   nd_options_first_font \">x<\/p> <div style=\"background-color:; height: 30px;\" class=\"nicdark_section  \"><\/div> <p style=\"color:#ffffff; padding:px; text-align:center; font-size:13px; line-height:25px; letter-spacing: 3px; font-weight:lighter;\" class=\"   nd_options_second_font \">Serving Rio Dulce since 1996 \/ Sirviendo a Rio Dulce desde 1996<\/p> <div style=\"background-color:; height: 30px;\" class=\"nicdark_section  \"><\/div>[\/vc_column][vc_column width=&#8221;1\/6&#8243;][\/vc_column][\/vc_row][vc_row][vc_column width=&#8221;1\/4&#8243;][vc_images_carousel images=&#8221;2051&#8243;][\/vc_column][vc_column width=&#8221;3\/4&#8243;][vc_column_text]<\/p>\n<h3>MAR MARINE YACHT CLUB<\/h3>\n<hr \/>\n<p>Since 1996<\/p>\n<hr \/>\n<h4><em>Servicios Marinos y de Hospitalidad de Primera Calidad para los visitantes de R\u00edo Dulce<\/em><em>.<\/em><\/h4>\n<p>[\/vc_column_text][\/vc_column][\/vc_row][vc_row][vc_column][vc_column_text]<\/p>\n<h4>Nuestra visi\u00f3n ha sido crear una Marina con servicios completos y de primera calidad para los viajeros de Rio Dulce.<\/h4>\n<p>&nbsp;<\/p>\n<p>Comenzamos \u00a0ofreciendo servicios de Hangar, Muellaje y Tienda de West Marine\u00a0a los clientes propietarios de embarcaciones y chalets en R\u00edo Dulce.<\/p>\n<p>Con el paso de los a\u00f1os Mar Marine ha contribuido con el crecimiento de Rio Dulce y con el paso de los a\u00f1os ofrece nuevas instalaciones de\u00a0Hotel, Restaurante y Piscina.<\/p>\n<p>Fuimos los primeros en Rio Dulce en ofrecer juegos acu\u00e1ticos como: Moto Acu\u00e1tica, Ski, Parasailing, Lanchas de Pedal y Servicios de Transporte acu\u00e1tico a los diferentes lugares Tur\u00edsticos que se han abierto en Rio Dulce durante estos a\u00f1os.<\/p>\n<p>Hoy en d\u00eda Nuestra Misi\u00f3n sigue siendo dar a los clientes un Servicio de Primera en todas las \u00e1reas de marina y hospitalidad con que ahora contamos.<\/p>\n<p>Adicionalmente ofrecemos Servicio de Mec\u00e1nica, Taller de Fibra de Vidrio, Carpinter\u00eda, Servicio de Pulido y Detallado a Embarcaciones y CarWash.<\/p>\n<p>Realizamos Actividades en los d\u00edas festivos:<\/p>\n<ul style=\"text-align: left;\">\n<li>D\u00eda de San Valent\u00edn<\/li>\n<li>D\u00eda de la Madre<\/li>\n<li>D\u00eda del Padre<\/li>\n<li>D\u00eda de Acci\u00f3n de Gracias<\/li>\n<li>Fiesta de Fin de A\u00f1o con M\u00fasica\u00a0en Vivo<\/li>\n<li>swap meet (Primer Domingo de Cada mes)<img loading=\"lazy\" decoding=\"async\" class=\"wp-image-2400 alignright\" src=\"https:\/\/marmarine.com\/wordpress\/wp-content\/uploads\/2022\/02\/273869556_4898175340295503_5233867762583564308_n-300x225.jpg\" alt=\"\" width=\"285\" height=\"214\" srcset=\"https:\/\/marmarine.com\/wordpress\/wp-content\/uploads\/2022\/02\/273869556_4898175340295503_5233867762583564308_n-300x225.jpg 300w, https:\/\/marmarine.com\/wordpress\/wp-content\/uploads\/2022\/02\/273869556_4898175340295503_5233867762583564308_n-768x577.jpg 768w, https:\/\/marmarine.com\/wordpress\/wp-content\/uploads\/2022\/02\/273869556_4898175340295503_5233867762583564308_n-600x451.jpg 600w, https:\/\/marmarine.com\/wordpress\/wp-content\/uploads\/2022\/02\/273869556_4898175340295503_5233867762583564308_n.jpg 828w\" sizes=\"auto, (max-width: 285px) 100vw, 285px\" \/><\/li>\n<\/ul>\n<p>[\/vc_column_text][\/vc_column][\/vc_row][vc_row full_width=&#8221;stretch_row&#8221; parallax=&#8221;content-moving&#8221; parallax_image=&#8221;2439&#8243; css=&#8221;.vc_custom_1754160573088{margin-top: 20px !important;padding-top: 50px !important;padding-bottom: 50px !important;}&#8221; el_class=&#8221;nd_options_vc_parallax_filter_2_5&#8243;][vc_column width=&#8221;1\/3&#8243;][\/vc_column][vc_column width=&#8221;2\/3&#8243; css=&#8221;.vc_custom_1621626956467{padding-top: 20px !important;padding-right: 20px !important;padding-bottom: 20px !important;padding-left: 20px !important;background-color: #ffffff !important;}&#8221;][vc_row_inner][vc_column_inner css=&#8221;.vc_custom_1469711023164{padding: 20px !important;}&#8221;]\n\t\n\t<a style=\"border: px solid ; border-radius:0px; letter-spacing:2px; line-height:11px; font-size:11px; background-color:#585f77; padding:5px 10px; margin:; color:#ffffff;\" rel=\"\"  href=\"#\" class=\"nicdark_display_inline_block nd_options_float_left nd_options_font_weight_lighter nd_options_second_font  \">CONTACT US<\/a>\n\t\n\n\n    <style>\n\n    #nd_options_shortcode_cf7_13 input[type=\"text\"],\n    #nd_options_shortcode_cf7_13 input[type=\"email\"],\n    #nd_options_shortcode_cf7_13 input[type=\"url\"],\n    #nd_options_shortcode_cf7_13 input[type=\"tel\"],\n    #nd_options_shortcode_cf7_13 input[type=\"number\"],\n    #nd_options_shortcode_cf7_13 input[type=\"date\"],\n    #nd_options_shortcode_cf7_13 input[type=\"checkbox\"],\n    #nd_options_shortcode_cf7_13 input[type=\"file\"],\n    #nd_options_shortcode_cf7_13 textarea,\n    #nd_options_shortcode_cf7_13 label,\n    #nd_options_shortcode_cf7_13 select\n    {\n\n      width: 100%;\n\n    }\n\n\n    .nd_options_customizer_forms span.wpcf7-not-valid-tip,\n    .nd_options_customizer_forms .wpcf7-response-output.wpcf7-validation-errors,\n    .nd_options_customizer_forms .wpcf7-response-output.wpcf7-mail-sent-ok\n    {\n\n      float: left;\n      width: 100%;\n      box-sizing: border-box;\n\n    }\n\n    <\/style>\n\n  \n\n    <!--start form-->\n    <div id=\"nd_options_shortcode_cf7_13\" class=\"nd_options_section \">\n      \n      <div class=\"nd_options_section nd_options_box_sizing_border_box\">\n        <div role=\"form\" class=\"wpcf7\" id=\"wpcf7-f13-o1\" lang=\"en-US\" dir=\"ltr\">\n<div class=\"screen-reader-response\"><p role=\"status\" aria-live=\"polite\" aria-atomic=\"true\"><\/p> <ul><\/ul><\/div>\n<form action=\"\/wordpress\/index.php\/wp-json\/wp\/v2\/pages\/1122#wpcf7-f13-o1\" method=\"post\" class=\"wpcf7-form init\" novalidate=\"novalidate\" data-status=\"init\">\n<div style=\"display: none;\">\n<input type=\"hidden\" name=\"_wpcf7\" value=\"13\" \/>\n<input type=\"hidden\" name=\"_wpcf7_version\" value=\"5.5.5\" \/>\n<input type=\"hidden\" name=\"_wpcf7_locale\" value=\"en_US\" \/>\n<input type=\"hidden\" name=\"_wpcf7_unit_tag\" value=\"wpcf7-f13-o1\" \/>\n<input type=\"hidden\" name=\"_wpcf7_container_post\" value=\"0\" \/>\n<input type=\"hidden\" name=\"_wpcf7_posted_data_hash\" value=\"\" \/>\n<input type=\"hidden\" name=\"_wpcf7_recaptcha_response\" value=\"\" \/>\n<\/div>\n<div class=\"nd_options_float_left nd_options_box_sizing_border_box nd_options_width_100_percentage_all_iphone_important nd_options_padding_0_right_important_all_iphone nd_options_padding_0_left_important_all_iphone \" style=\"padding: 0px 10px 15px 0px; width:100%;\" >\n<p>Name :<\/p>\n<p><span class=\"wpcf7-form-control-wrap name-form\"><input type=\"text\" name=\"name-form\" value=\"\" size=\"40\" class=\"wpcf7-form-control wpcf7-text wpcf7-validates-as-required nd_options_padding_10_20_important nd_options_margin_top_10\" aria-required=\"true\" aria-invalid=\"false\" \/><\/span><\/div><br \/>\n<div class=\"nd_options_float_left nd_options_box_sizing_border_box nd_options_width_100_percentage_all_iphone_important nd_options_padding_0_right_important_all_iphone nd_options_padding_0_left_important_all_iphone \" style=\"padding: 0px 10px 15px 0px; width:100%;\" >\n<p>Email :<\/p>\n<p><span class=\"wpcf7-form-control-wrap email\"><input type=\"email\" name=\"email\" value=\"\" size=\"40\" class=\"wpcf7-form-control wpcf7-text wpcf7-email wpcf7-validates-as-required wpcf7-validates-as-email nd_options_padding_10_20_important nd_options_margin_top_10\" aria-required=\"true\" aria-invalid=\"false\" \/><\/span><\/div><br \/>\n<div class=\"nd_options_float_left nd_options_box_sizing_border_box nd_options_width_100_percentage_all_iphone_important nd_options_padding_0_right_important_all_iphone nd_options_padding_0_left_important_all_iphone \" style=\"padding: 0px 10px 15px 0px; width:100%;\" >\n<p>Message :<\/p>\n<p><span class=\"wpcf7-form-control-wrap message\"><textarea name=\"message\" cols=\"40\" rows=\"6\" class=\"wpcf7-form-control wpcf7-textarea nd_options_padding_10_20_important nd_options_margin_top_10\" aria-invalid=\"false\"><\/textarea><\/span><\/div><br \/>\n<div class=\"nd_options_float_left nd_options_box_sizing_border_box nd_options_width_100_percentage_all_iphone_important nd_options_padding_0_right_important_all_iphone nd_options_padding_0_left_important_all_iphone \" style=\"padding: 0px 0px 0px 0px; width:30%;\" ><input type=\"submit\" value=\"SEND NOW\" class=\"wpcf7-form-control has-spinner wpcf7-submit nd_booking_padding_15_30_important nd_options_second_font_important nd_options_color_white nd_options_display_inline_block nd_options_font_size_11 nd_options_font_weight_bold nd_options_letter_spacing_2 nd_options_section\" \/><\/div>\n<div class=\"wpcf7-response-output\" aria-hidden=\"true\"><\/div><\/form><\/div> \n      <\/div>  \n\n    <\/div>\n    <!--end form-->\n\n   [\/vc_column_inner][\/vc_row_inner][\/vc_column][\/vc_row]<\/p>\n","protected":false},"excerpt":{"rendered":"<p>[vc_row full_width=&#8221;stretch_row&#8221; parallax=&#8221;content-moving&#8221; parallax_image=&#8221;2262&#8243; css=&#8221;.vc_custom_1622683947754{margin-top: 0px !important;padding-top: 120px !important;padding-bottom: 220px !important;}&#8221; el_class=&#8221;nd_options_vc_parallax_filter_2_5&#8243;][vc_column width=&#8221;1\/6&#8243;][\/vc_column][vc_column width=&#8221;2\/3&#8243; el_class=&#8221;nd_options_text_align_center&#8221;][\/vc_column][vc_column width=&#8221;1\/6&#8243;][\/vc_column][\/vc_row][vc_row][vc_column width=&#8221;1\/4&#8243;][vc_images_carousel images=&#8221;2051&#8243;][\/vc_column][vc_column width=&#8221;3\/4&#8243;][vc_column_text] MAR MARINE YACHT CLUB Since 1996 Servicios Marinos y de Hospitalidad de Primera Calidad para los visitantes de R\u00edo Dulce. [\/vc_column_text][\/vc_column][\/vc_row][vc_row][vc_column][vc_column_text] Nuestra visi\u00f3n ha sido crear una Marina con servicios completos y de primera calidad para [&hellip;]<\/p>\n","protected":false},"author":1,"featured_media":0,"parent":0,"menu_order":0,"comment_status":"closed","ping_status":"closed","template":"","meta":{"footnotes":""},"class_list":["post-1122","page","type-page","status-publish","hentry"],"_links":{"self":[{"href":"https:\/\/marmarine.com\/wordpress\/index.php\/wp-json\/wp\/v2\/pages\/1122","targetHints":{"allow":["GET"]}}],"collection":[{"href":"https:\/\/marmarine.com\/wordpress\/index.php\/wp-json\/wp\/v2\/pages"}],"about":[{"href":"https:\/\/marmarine.com\/wordpress\/index.php\/wp-json\/wp\/v2\/types\/page"}],"author":[{"embeddable":true,"href":"https:\/\/marmarine.com\/wordpress\/index.php\/wp-json\/wp\/v2\/users\/1"}],"replies":[{"embeddable":true,"href":"https:\/\/marmarine.com\/wordpress\/index.php\/wp-json\/wp\/v2\/comments?post=1122"}],"version-history":[{"count":65,"href":"https:\/\/marmarine.com\/wordpress\/index.php\/wp-json\/wp\/v2\/pages\/1122\/revisions"}],"predecessor-version":[{"id":2440,"href":"https:\/\/marmarine.com\/wordpress\/index.php\/wp-json\/wp\/v2\/pages\/1122\/revisions\/2440"}],"wp:attachment":[{"href":"https:\/\/marmarine.com\/wordpress\/index.php\/wp-json\/wp\/v2\/media?parent=1122"}],"curies":[{"name":"wp","href":"https:\/\/api.w.org\/{rel}","templated":true}]}}